{"id":219,"date":"2020-05-12T03:43:04","date_gmt":"2020-05-12T03:43:04","guid":{"rendered":"http:\/\/vttmassifjura.fr\/?page_id=219"},"modified":"2022-05-02T10:32:06","modified_gmt":"2022-05-02T10:32:06","slug":"services","status":"publish","type":"page","link":"https:\/\/vttmassifjura.fr\/?page_id=219","title":{"rendered":"Sorties adultes"},"content":{"rendered":"\n<div class=\"wp-block-cover alignfull is-light has-parallax\" style=\"background-image:url(http:\/\/vttmassifjura.fr\/wp-content\/uploads\/2021\/10\/IMG-20210616-WA0000.jpg);min-height:380px;aspect-ratio:unset;\"><span aria-hidden=\"true\" class=\"has-ast-global-color-1-background-color has-background-dim-40 wp-block-cover__gradient-background has-background-dim\"><\/span><div class=\"wp-block-cover__inner-container is-layout-flow wp-block-cover-is-layout-flow\">\n<h1 class=\"has-text-align-center has-white-color has-text-color wp-block-heading\" id=\"sorties-adultes\">Sorties adultes<\/h1>\n<\/div><\/div>\n\n\n<p><span lang=\"FR-CH\">Le club propose aux adultes de faire des sorties en groupe. Chacun peut ainsi profiter de rouler \u00e0 plusieurs, de peut-\u00eatre d\u00e9couvrir de nouveaux chemins, de b\u00e9n\u00e9ficier de l\u2019exp\u00e9rience des autres\u2026<\/span><\/p>\n<p><span lang=\"FR-CH\">Deux soir\u00e9es sont propos\u00e9es&nbsp;:<\/span><\/p>\n<p><b><u><span lang=\"FR-CH\">Le mardi soir<\/span><\/u><\/b><span lang=\"FR-CH\">&nbsp;: sortie \u00ab&nbsp;<b>d\u00e9couverte<\/b>&nbsp;\u00bb accessible aux pilotes moins chevronn\u00e9s, aux d\u00e9butants. Ces sorties vous permettront de faire des randonn\u00e9es en groupe avec d\u00e9couverte des chemins alentours. Les filles sont les bienvenues&nbsp;!<\/span><\/p>\n<p><b><u><span lang=\"FR-CH\">Le jeudi soir<\/span><\/u><\/b><span lang=\"FR-CH\">&nbsp;: sortie<b>&nbsp;\u00ab&nbsp;sportive&nbsp;\u00bb<\/b>&nbsp;ouverte aux pilotes plus confirm\u00e9s. Les sorties se font sur un rythme plus soutenu que les sorties \u00ab&nbsp;d\u00e9couverte&nbsp;\u00bb, sur des chemins plus techniques.<\/span><\/p>\n<p><span lang=\"FR-CH\">&nbsp;<\/span><\/p>\n<p><span lang=\"FR-CH\">Dans tous les cas, le&nbsp;<b>d\u00e9part est fix\u00e9 \u00e0 18 h 30<\/b>. Le lieu de rendez-vous peut varier (Pr\u00e9manon, Les Rousses ou ailleurs) en fonction des endroits o\u00f9 l\u2019on souhaite se rendre, il est fix\u00e9 au minimum la semaine pr\u00e9c\u00e9dente.<\/span><\/p>\n<p><span lang=\"FR-CH\">Toutes les infos utiles sur les lieux de rendez-vous sont sur ce site.<\/span><\/p>\n<p><span lang=\"FR-CH\">Il est demand\u00e9 \u00e0 chacun de s\u2019inscrire&nbsp; afin de savoir le moment venu si l\u2019on doit attendre quelques retardataires, si on peut pr\u00e9voir un co-voiturage pour un d\u00e9placement sur un autre site de d\u00e9part\u2026. L\u2019inscription doit se faire au maximum pour 12 h le jour m\u00eame. Merci de votre compr\u00e9hension.<\/span><\/p>\n<p><span lang=\"FR-CH\">Il est vivement conseill\u00e9 de d\u00e9marrer les sorties avant fin mai afin&nbsp;<\/span><span lang=\"FR-CH\">de ne pas trop perturber la progression du&nbsp;<\/span><span lang=\"FR-CH\">groupe (techniquement et physiquement).<\/span><\/p>\n<p><span lang=\"FR-CH\">Chacun devra avoir un VTT en \u00e9tat, de quoi r\u00e9parer et un casque.<\/span><\/p>\n\n\n<div class=\"wp-block-group alignfull has-white-background-color has-background is-layout-flow wp-block-group-is-layout-flow\"><div class=\"wp-block-group__inner-container\">\n<div class=\"wp-block-group alignwide is-layout-flow wp-block-group-is-layout-flow\"><div class=\"wp-block-group__inner-container\">\n<div class=\"wp-block-media-text alignwide has-media-on-the-right is-stacked-on-mobile is-vertically-aligned-top\" style=\"grid-template-columns:auto 40%\"><figure class=\"wp-block-media-text__media\"><img loading=\"lazy\" decoding=\"async\" width=\"1599\" height=\"1200\" src=\"https:\/\/vttmassifjura.fr\/wp-content\/uploads\/2021\/10\/IMG-20210616-WA0000.jpg\" alt=\"\" class=\"wp-image-591 size-full\" srcset=\"https:\/\/vttmassifjura.fr\/wp-content\/uploads\/2021\/10\/IMG-20210616-WA0000.jpg 1599w, https:\/\/vttmassifjura.fr\/wp-content\/uploads\/2021\/10\/IMG-20210616-WA0000-300x225.jpg 300w, https:\/\/vttmassifjura.fr\/wp-content\/uploads\/2021\/10\/IMG-20210616-WA0000-1024x768.jpg 1024w, https:\/\/vttmassifjura.fr\/wp-content\/uploads\/2021\/10\/IMG-20210616-WA0000-768x576.jpg 768w, https:\/\/vttmassifjura.fr\/wp-content\/uploads\/2021\/10\/IMG-20210616-WA0000-1536x1153.jpg 1536w\" sizes=\"auto, (max-width: 1599px) 100vw, 1599px\" \/><\/figure><div class=\"wp-block-media-text__content\">\n<h2 class=\"wp-block-heading\" id=\"tous-les-mardis-soirs\">Les mardis soirs<\/h2>\n\n\n\n<p>Sorties adapt\u00e9es aux personnes d\u00e9butant le VTT ou souhaitant rouler \u00e0 la cool !<br>Amusement est le ma\u00eetre mot de ces sorties.<\/p>\n\n\n<ul class=\"wp-block-latest-posts__list wp-block-latest-posts\"><\/ul>\n\n\n<p>Merci de vous inscrire ci-dessous avant le lundi 20h pr\u00e9c\u00e9dant la sortie :<\/p>\n\n\n\n<iframe loading=\"lazy\" src=\"https:\/\/docs.google.com\/forms\/d\/e\/1FAIpQLSdzlN_PUI3U1pds5TYhiG7fWd8wAY3mvoPADzd6cICNtU7jWA\/viewform?embedded=true\" width=\"640\" height=\"407\" frameborder=\"0\" marginheight=\"0\" marginwidth=\"0\">Chargement\u2026<\/iframe>\n\n\n\n<iframe src=\"https:\/\/docs.google.com\/spreadsheets\/d\/e\/2PACX-1vRtBFSfKNnYwZkePqOzrZWThCKeEAZ4fqeZ9zZFMVCHksVJKHfwXlFtgyjPRV29m7CCmCZ-osMYELsq\/pubhtml?widget=true&amp;headers=false\"><\/iframe>\n<\/div><\/div>\n<\/div><\/div>\n<\/div><\/div>\n\n\n\n<div class=\"wp-block-media-text alignwide has-media-on-the-right is-stacked-on-mobile is-vertically-aligned-top\" style=\"grid-template-columns:auto 40%\"><figure class=\"wp-block-media-text__media\"><img loading=\"lazy\" decoding=\"async\" width=\"1024\" height=\"768\" src=\"http:\/\/vttmassifjura.fr\/wp-content\/uploads\/2021\/10\/IMG_20210613_140448-1024x768.jpg\" alt=\"\" class=\"wp-image-587 size-full\" srcset=\"https:\/\/vttmassifjura.fr\/wp-content\/uploads\/2021\/10\/IMG_20210613_140448-1024x768.jpg 1024w, https:\/\/vttmassifjura.fr\/wp-content\/uploads\/2021\/10\/IMG_20210613_140448-300x225.jpg 300w, https:\/\/vttmassifjura.fr\/wp-content\/uploads\/2021\/10\/IMG_20210613_140448-768x576.jpg 768w, https:\/\/vttmassifjura.fr\/wp-content\/uploads\/2021\/10\/IMG_20210613_140448-1536x1152.jpg 1536w, https:\/\/vttmassifjura.fr\/wp-content\/uploads\/2021\/10\/IMG_20210613_140448-2048x1536.jpg 2048w\" sizes=\"auto, (max-width: 1024px) 100vw, 1024px\" \/><\/figure><div class=\"wp-block-media-text__content\">\n<h2 class=\"wp-block-heading\" id=\"tous-les-mardis-soirs\">Les jeudis soirs<\/h2>\n\n\n\n<p>Sorties sportives pour les v\u00e9t\u00e9tistes confirm\u00e9s.<\/p>\n\n\n<ul class=\"wp-block-latest-posts__list wp-block-latest-posts\"><\/ul>\n\n\n<p>Merci de vous inscrire ci-dessous avant le lundi 20h pr\u00e9c\u00e9dant la sortie :<\/p>\n\n\n\n<iframe loading=\"lazy\" src=\"https:\/\/docs.google.com\/forms\/d\/e\/1FAIpQLScguIQKq4ZEWtCsFWszbePw_PF1mp0_NQrVVHvDZF46yPIFrA\/viewform?embedded=true\" width=\"640\" height=\"375\" frameborder=\"0\" marginheight=\"0\" marginwidth=\"0\">Chargement\u2026<\/iframe>\n\n\n\n<iframe src=\"https:\/\/docs.google.com\/spreadsheets\/d\/e\/2PACX-1vRW08t29udJptKc43iXNPoiBxO6ci4VROA1S-3dsw1i5B3rqVVGizTm91tsmyEM9HWMt4MLjR_pS309\/pubhtml?widget=true&amp;headers=false\"><\/iframe>\n<\/div><\/div>\n\n\n\n<p><\/p>\n","protected":false},"excerpt":{"rendered":"<p>Le club propose aux adultes de faire des sorties en groupe. Chacun peut ainsi profiter de rouler \u00e0 plusieurs, de peut-\u00eatre d\u00e9couvrir de nouveaux chemins, de b\u00e9n\u00e9ficier de l\u2019exp\u00e9rience des autres\u2026 Deux soir\u00e9es sont propos\u00e9es&nbsp;: Le mardi soir&nbsp;: sortie \u00ab&nbsp;d\u00e9couverte&nbsp;\u00bb accessible aux pilotes moins chevronn\u00e9s, aux d\u00e9butants. Ces sorties vous permettront de faire des randonn\u00e9es &hellip;<\/p>\n<p class=\"read-more\"> <a class=\"\" href=\"https:\/\/vttmassifjura.fr\/?page_id=219\"> <span class=\"screen-reader-text\">Sorties adultes<\/span> Lire la suite\u00a0\u00bb<\/a><\/p>\n","protected":false},"author":1,"featured_media":0,"parent":0,"menu_order":0,"comment_status":"closed","ping_status":"closed","template":"","meta":{"_monsterinsights_skip_tracking":false,"_monsterinsights_sitenote_active":false,"_monsterinsights_sitenote_note":"","_monsterinsights_sitenote_category":0,"site-sidebar-layout":"no-sidebar","site-content-layout":"plain-container","ast-main-header-display":"","ast-hfb-above-header-display":"","ast-hfb-below-header-display":"","ast-hfb-mobile-header-display":"","site-post-title":"disabled","ast-breadcrumbs-content":"","ast-featured-img":"disabled","footer-sml-layout":"","theme-transparent-header-meta":"enabled","adv-header-id-meta":"","stick-header-meta":"","header-above-stick-meta":"","header-main-stick-meta":"","header-below-stick-meta":"","footnotes":""},"class_list":["post-219","page","type-page","status-publish","hentry"],"_links":{"self":[{"href":"https:\/\/vttmassifjura.fr\/index.php?rest_route=\/wp\/v2\/pages\/219","targetHints":{"allow":["GET"]}}],"collection":[{"href":"https:\/\/vttmassifjura.fr\/index.php?rest_route=\/wp\/v2\/pages"}],"about":[{"href":"https:\/\/vttmassifjura.fr\/index.php?rest_route=\/wp\/v2\/types\/page"}],"author":[{"embeddable":true,"href":"https:\/\/vttmassifjura.fr\/index.php?rest_route=\/wp\/v2\/users\/1"}],"replies":[{"embeddable":true,"href":"https:\/\/vttmassifjura.fr\/index.php?rest_route=%2Fwp%2Fv2%2Fcomments&post=219"}],"version-history":[{"count":26,"href":"https:\/\/vttmassifjura.fr\/index.php?rest_route=\/wp\/v2\/pages\/219\/revisions"}],"predecessor-version":[{"id":893,"href":"https:\/\/vttmassifjura.fr\/index.php?rest_route=\/wp\/v2\/pages\/219\/revisions\/893"}],"wp:attachment":[{"href":"https:\/\/vttmassifjura.fr\/index.php?rest_route=%2Fwp%2Fv2%2Fmedia&parent=219"}],"curies":[{"name":"wp","href":"https:\/\/api.w.org\/{rel}","templated":true}]}}

<div class="wp-block-cover alignfull is-light has-parallax" style="background-image:url(http://vttmassifjura.fr/wp-content/uploads/2021/10/IMG-20210616-WA0000.jpg);min-height:380px;aspect-ratio:unset;"><span aria-hidden="true" class="has-ast-global-color-1-background-color has-background-dim-40 wp-block-cover__gradient-background has-background-dim"></span><div class="wp-block-cover__inner-container is-layout-flow wp-block-cover-is-layout-flow">
<h1 class="has-text-align-center has-white-color has-text-color wp-block-heading" id="sorties-adultes">Sorties adultes</h1>
</div></div>


<p><span lang="FR-CH">Le club propose aux adultes de faire des sorties en groupe. Chacun peut ainsi profiter de rouler à plusieurs, de peut-être découvrir de nouveaux chemins, de bénéficier de l’expérience des autres…</span></p>
<p><span lang="FR-CH">Deux soirées sont proposées&nbsp;:</span></p>
<p><b><u><span lang="FR-CH">Le mardi soir</span></u></b><span lang="FR-CH">&nbsp;: sortie «&nbsp;<b>découverte</b>&nbsp;» accessible aux pilotes moins chevronnés, aux débutants. Ces sorties vous permettront de faire des randonnées en groupe avec découverte des chemins alentours. Les filles sont les bienvenues&nbsp;!</span></p>
<p><b><u><span lang="FR-CH">Le jeudi soir</span></u></b><span lang="FR-CH">&nbsp;: sortie<b>&nbsp;«&nbsp;sportive&nbsp;»</b>&nbsp;ouverte aux pilotes plus confirmés. Les sorties se font sur un rythme plus soutenu que les sorties «&nbsp;découverte&nbsp;», sur des chemins plus techniques.</span></p>
<p><span lang="FR-CH">&nbsp;</span></p>
<p><span lang="FR-CH">Dans tous les cas, le&nbsp;<b>départ est fixé à 18 h 30</b>. Le lieu de rendez-vous peut varier (Prémanon, Les Rousses ou ailleurs) en fonction des endroits où l’on souhaite se rendre, il est fixé au minimum la semaine précédente.</span></p>
<p><span lang="FR-CH">Toutes les infos utiles sur les lieux de rendez-vous sont sur ce site.</span></p>
<p><span lang="FR-CH">Il est demandé à chacun de s’inscrire&nbsp; afin de savoir le moment venu si l’on doit attendre quelques retardataires, si on peut prévoir un co-voiturage pour un déplacement sur un autre site de départ…. L’inscription doit se faire au maximum pour 12 h le jour même. Merci de votre compréhension.</span></p>
<p><span lang="FR-CH">Il est vivement conseillé de démarrer les sorties avant fin mai afin&nbsp;</span><span lang="FR-CH">de ne pas trop perturber la progression du&nbsp;</span><span lang="FR-CH">groupe (techniquement et physiquement).</span></p>
<p><span lang="FR-CH">Chacun devra avoir un VTT en état, de quoi réparer et un casque.</span></p>


<div class="wp-block-group alignfull has-white-background-color has-background is-layout-flow wp-block-group-is-layout-flow"><div class="wp-block-group__inner-container">
<div class="wp-block-group alignwide is-layout-flow wp-block-group-is-layout-flow"><div class="wp-block-group__inner-container">
<div class="wp-block-media-text alignwide has-media-on-the-right is-stacked-on-mobile is-vertically-aligned-top" style="grid-template-columns:auto 40%"><figure class="wp-block-media-text__media"><img loading="lazy" decoding="async" width="1599" height="1200" src="https://vttmassifjura.fr/wp-content/uploads/2021/10/IMG-20210616-WA0000.jpg" alt="" class="wp-image-591 size-full" srcset="https://vttmassifjura.fr/wp-content/uploads/2021/10/IMG-20210616-WA0000.jpg 1599w, https://vttmassifjura.fr/wp-content/uploads/2021/10/IMG-20210616-WA0000-300x225.jpg 300w, https://vttmassifjura.fr/wp-content/uploads/2021/10/IMG-20210616-WA0000-1024x768.jpg 1024w, https://vttmassifjura.fr/wp-content/uploads/2021/10/IMG-20210616-WA0000-768x576.jpg 768w, https://vttmassifjura.fr/wp-content/uploads/2021/10/IMG-20210616-WA0000-1536x1153.jpg 1536w" sizes="auto, (max-width: 1599px) 100vw, 1599px" /></figure><div class="wp-block-media-text__content">
<h2 class="wp-block-heading" id="tous-les-mardis-soirs">Les mardis soirs</h2>



<p>Sorties adaptées aux personnes débutant le VTT ou souhaitant rouler à la cool !<br>Amusement est le maître mot de ces sorties.</p>


<ul class="wp-block-latest-posts__list wp-block-latest-posts"></ul>


<p>Merci de vous inscrire ci-dessous avant le lundi 20h précédant la sortie :</p>



<iframe loading="lazy" src="https://docs.google.com/forms/d/e/1FAIpQLSdzlN_PUI3U1pds5TYhiG7fWd8wAY3mvoPADzd6cICNtU7jWA/viewform?embedded=true" width="640" height="407" frameborder="0" marginheight="0" marginwidth="0">Chargement…</iframe>



<iframe src="https://docs.google.com/spreadsheets/d/e/2PACX-1vRtBFSfKNnYwZkePqOzrZWThCKeEAZ4fqeZ9zZFMVCHksVJKHfwXlFtgyjPRV29m7CCmCZ-osMYELsq/pubhtml?widget=true&amp;headers=false"></iframe>
</div></div>
</div></div>
</div></div>



<div class="wp-block-media-text alignwide has-media-on-the-right is-stacked-on-mobile is-vertically-aligned-top" style="grid-template-columns:auto 40%"><figure class="wp-block-media-text__media"><img loading="lazy" decoding="async" width="1024" height="768" src="http://vttmassifjura.fr/wp-content/uploads/2021/10/IMG_20210613_140448-1024x768.jpg" alt="" class="wp-image-587 size-full" srcset="https://vttmassifjura.fr/wp-content/uploads/2021/10/IMG_20210613_140448-1024x768.jpg 1024w, https://vttmassifjura.fr/wp-content/uploads/2021/10/IMG_20210613_140448-300x225.jpg 300w, https://vttmassifjura.fr/wp-content/uploads/2021/10/IMG_20210613_140448-768x576.jpg 768w, https://vttmassifjura.fr/wp-content/uploads/2021/10/IMG_20210613_140448-1536x1152.jpg 1536w, https://vttmassifjura.fr/wp-content/uploads/2021/10/IMG_20210613_140448-2048x1536.jpg 2048w" sizes="auto, (max-width: 1024px) 100vw, 1024px" /></figure><div class="wp-block-media-text__content">
<h2 class="wp-block-heading" id="tous-les-mardis-soirs">Les jeudis soirs</h2>



<p>Sorties sportives pour les vététistes confirmés.</p>


<ul class="wp-block-latest-posts__list wp-block-latest-posts"></ul>


<p>Merci de vous inscrire ci-dessous avant le lundi 20h précédant la sortie :</p>



<iframe loading="lazy" src="https://docs.google.com/forms/d/e/1FAIpQLScguIQKq4ZEWtCsFWszbePw_PF1mp0_NQrVVHvDZF46yPIFrA/viewform?embedded=true" width="640" height="375" frameborder="0" marginheight="0" marginwidth="0">Chargement…</iframe>



<iframe src="https://docs.google.com/spreadsheets/d/e/2PACX-1vRW08t29udJptKc43iXNPoiBxO6ci4VROA1S-3dsw1i5B3rqVVGizTm91tsmyEM9HWMt4MLjR_pS309/pubhtml?widget=true&amp;headers=false"></iframe>
</div></div>



<p></p>

<p>Le club propose aux adultes de faire des sorties en groupe. Chacun peut ainsi profiter de rouler à plusieurs, de peut-être découvrir de nouveaux chemins, de bénéficier de l’expérience des autres… Deux soirées sont proposées&nbsp;: Le mardi soir&nbsp;: sortie «&nbsp;découverte&nbsp;» accessible aux pilotes moins chevronnés, aux débutants. Ces sorties vous permettront de faire des randonnées &hellip;</p>
<p class="read-more"> <a class="" href="https://vttmassifjura.fr/?page_id=219"> <span class="screen-reader-text">Sorties adultes</span> Lire la suite »</a></p>
