{"id":625,"date":"2021-10-21T15:21:34","date_gmt":"2021-10-21T15:21:34","guid":{"rendered":"http:\/\/vttmassifjura.fr\/?page_id=625"},"modified":"2026-03-30T13:47:37","modified_gmt":"2026-03-30T13:47:37","slug":"ecole-de-vtt-entrainements-enfants","status":"publish","type":"page","link":"https:\/\/vttmassifjura.fr\/?page_id=625","title":{"rendered":"Entrainement"},"content":{"rendered":"\n<div class=\"wp-block-cover alignfull has-parallax\" style=\"min-height:380px;aspect-ratio:unset;\"><div class=\"wp-block-cover__image-background wp-image-565 has-parallax\" style=\"background-position:50% 50%;background-image:url(http:\/\/vttmassifjura.fr\/wp-content\/uploads\/2021\/10\/IMG-20210902-WA0020.jpg)\"><\/div><span aria-hidden=\"true\" class=\"wp-block-cover__background has-ast-global-color-1-background-color has-background-dim-40 has-background-dim\"><\/span><div class=\"wp-block-cover__inner-container is-layout-flow wp-block-cover-is-layout-flow\">\n<p class=\"has-text-align-center has-large-font-size\"><\/p>\n<\/div><\/div>\n\n\n\n<div class=\"wp-block-group alignfull has-white-background-color has-background is-layout-flow wp-block-group-is-layout-flow\"><div class=\"wp-block-group__inner-container\">\n<div class=\"wp-block-media-text alignwide has-media-on-the-right is-stacked-on-mobile is-vertically-aligned-center\"><div class=\"wp-block-media-text__content\">\n<h2><span style=\"text-decoration: underline; color: #3366ff;\"><a style=\"color: #3366ff; text-decoration: underline;\" href=\"https:\/\/vttmassifjura.fr\/?page_id=864\">Fonctionnement<\/a><\/span><\/h2>\n<h2><span style=\"text-decoration: underline; color: #3366ff;\"><a style=\"color: #3366ff; text-decoration: underline;\" href=\"https:\/\/vttmassifjura.fr\/?page_id=852\" target=\"_blank\" rel=\"noopener\">Inscriptions entra\u00eenements<\/a><\/span><\/h2>\n<\/div><figure class=\"wp-block-media-text__media\"><img loading=\"lazy\" decoding=\"async\" width=\"1024\" height=\"768\" src=\"http:\/\/vttmassifjura.fr\/wp-content\/uploads\/2021\/10\/IMG-20211016-WA0002-1024x768.jpg\" alt=\"\" class=\"wp-image-590 size-full\" srcset=\"https:\/\/vttmassifjura.fr\/wp-content\/uploads\/2021\/10\/IMG-20211016-WA0002-1024x768.jpg 1024w, https:\/\/vttmassifjura.fr\/wp-content\/uploads\/2021\/10\/IMG-20211016-WA0002-300x225.jpg 300w, https:\/\/vttmassifjura.fr\/wp-content\/uploads\/2021\/10\/IMG-20211016-WA0002-768x576.jpg 768w, https:\/\/vttmassifjura.fr\/wp-content\/uploads\/2021\/10\/IMG-20211016-WA0002-1536x1152.jpg 1536w, https:\/\/vttmassifjura.fr\/wp-content\/uploads\/2021\/10\/IMG-20211016-WA0002.jpg 1600w\" sizes=\"auto, (max-width: 1024px) 100vw, 1024px\" \/><\/figure><\/div>\n<\/div><\/div>\n\n\n\n<details class=\"wp-block-details is-layout-flow wp-block-details-is-layout-flow\"><summary><\/summary><\/details>\n\n\n\n<h2 class=\"wp-block-heading\">Reprise des entrainements le Mercredi 22 Avril 2026<\/h2>\n\n\n\n<p data-wp-context---core-fit-text=\"core\/fit-text::{&quot;fontSize&quot;:&quot;&quot;}\" data-wp-init---core-fit-text=\"core\/fit-text::callbacks.init\" data-wp-interactive data-wp-style--font-size=\"core\/fit-text::context.fontSize\" class=\"has-fit-text\">Nous vous donnons rendez-vous le mercredi 22 avril \u00e0 14h \u00e0 Pr\u00e9manon pour la reprise des entrainements. <\/p>\n\n\n\n<p data-wp-context---core-fit-text=\"core\/fit-text::{&quot;fontSize&quot;:&quot;&quot;}\" data-wp-init---core-fit-text=\"core\/fit-text::callbacks.init\" data-wp-interactive data-wp-style--font-size=\"core\/fit-text::context.fontSize\" class=\"has-fit-text\">Pour plus de renseignements, n&rsquo;h\u00e9sitez pas \u00e0 nous contacter par mail : info.vttmassifjura@gmail.com<br><\/p>\n\n\n\n<figure class=\"wp-block-image size-full is-resized\"><img loading=\"lazy\" decoding=\"async\" width=\"736\" height=\"920\" src=\"https:\/\/vttmassifjura.fr\/wp-content\/uploads\/2026\/03\/VTT-ENFANT-1.jpg\" alt=\"\" class=\"wp-image-1118\" style=\"width:124px;height:auto\" srcset=\"https:\/\/vttmassifjura.fr\/wp-content\/uploads\/2026\/03\/VTT-ENFANT-1.jpg 736w, https:\/\/vttmassifjura.fr\/wp-content\/uploads\/2026\/03\/VTT-ENFANT-1-240x300.jpg 240w\" sizes=\"auto, (max-width: 736px) 100vw, 736px\" \/><\/figure>\n\n\n\n<h2 class=\"wp-block-heading\">STAGE DE PAQUES 2026<\/h2>\n\n\n\n<p>Cl\u00e9ment vous propose un stage pendant les vacances pour les U9\/U11 du 06 au 08 avril 2026 de 10h \u00e0 12h et de 13h30 \u00e0 16h aux Rousses. Possibilit\u00e9 de manger sur place. Inscription obligatoire par mail. Etre \u00e0 jour de sa licence.<\/p>\n\n\n\n<p><\/p>\n","protected":false},"excerpt":{"rendered":"<p>Fonctionnement Inscriptions entra\u00eenements Reprise des entrainements le Mercredi 22 Avril 2026 Nous vous donnons rendez-vous le mercredi 22 avril \u00e0 14h \u00e0 Pr\u00e9manon pour la reprise des entrainements. Pour plus de renseignements, n&rsquo;h\u00e9sitez pas \u00e0 nous contacter par mail : info.vttmassifjura@gmail.com STAGE DE PAQUES 2026 Cl\u00e9ment vous propose un stage pendant les vacances pour les &hellip;<\/p>\n<p class=\"read-more\"> <a class=\"\" href=\"https:\/\/vttmassifjura.fr\/?page_id=625\"> <span class=\"screen-reader-text\">Entrainement<\/span> Lire la suite\u00a0\u00bb<\/a><\/p>\n","protected":false},"author":1,"featured_media":0,"parent":0,"menu_order":0,"comment_status":"closed","ping_status":"closed","template":"","meta":{"_monsterinsights_skip_tracking":false,"_monsterinsights_sitenote_active":false,"_monsterinsights_sitenote_note":"","_monsterinsights_sitenote_category":0,"site-sidebar-layout":"no-sidebar","site-content-layout":"plain-container","ast-main-header-display":"","ast-hfb-above-header-display":"","ast-hfb-below-header-display":"","ast-hfb-mobile-header-display":"","site-post-title":"disabled","ast-breadcrumbs-content":"","ast-featured-img":"disabled","footer-sml-layout":"","theme-transparent-header-meta":"enabled","adv-header-id-meta":"","stick-header-meta":"","header-above-stick-meta":"","header-main-stick-meta":"","header-below-stick-meta":"","footnotes":""},"class_list":["post-625","page","type-page","status-publish","hentry"],"_links":{"self":[{"href":"https:\/\/vttmassifjura.fr\/index.php?rest_route=\/wp\/v2\/pages\/625","targetHints":{"allow":["GET"]}}],"collection":[{"href":"https:\/\/vttmassifjura.fr\/index.php?rest_route=\/wp\/v2\/pages"}],"about":[{"href":"https:\/\/vttmassifjura.fr\/index.php?rest_route=\/wp\/v2\/types\/page"}],"author":[{"embeddable":true,"href":"https:\/\/vttmassifjura.fr\/index.php?rest_route=\/wp\/v2\/users\/1"}],"replies":[{"embeddable":true,"href":"https:\/\/vttmassifjura.fr\/index.php?rest_route=%2Fwp%2Fv2%2Fcomments&post=625"}],"version-history":[{"count":18,"href":"https:\/\/vttmassifjura.fr\/index.php?rest_route=\/wp\/v2\/pages\/625\/revisions"}],"predecessor-version":[{"id":1143,"href":"https:\/\/vttmassifjura.fr\/index.php?rest_route=\/wp\/v2\/pages\/625\/revisions\/1143"}],"wp:attachment":[{"href":"https:\/\/vttmassifjura.fr\/index.php?rest_route=%2Fwp%2Fv2%2Fmedia&parent=625"}],"curies":[{"name":"wp","href":"https:\/\/api.w.org\/{rel}","templated":true}]}}

<div class="wp-block-cover alignfull has-parallax" style="min-height:380px;aspect-ratio:unset;"><div class="wp-block-cover__image-background wp-image-565 has-parallax" style="background-position:50% 50%;background-image:url(http://vttmassifjura.fr/wp-content/uploads/2021/10/IMG-20210902-WA0020.jpg)"></div><span aria-hidden="true" class="wp-block-cover__background has-ast-global-color-1-background-color has-background-dim-40 has-background-dim"></span><div class="wp-block-cover__inner-container is-layout-flow wp-block-cover-is-layout-flow">
<p class="has-text-align-center has-large-font-size"></p>
</div></div>



<div class="wp-block-group alignfull has-white-background-color has-background is-layout-flow wp-block-group-is-layout-flow"><div class="wp-block-group__inner-container">
<div class="wp-block-media-text alignwide has-media-on-the-right is-stacked-on-mobile is-vertically-aligned-center"><div class="wp-block-media-text__content">
<h2><span style="text-decoration: underline; color: #3366ff;"><a style="color: #3366ff; text-decoration: underline;" href="https://vttmassifjura.fr/?page_id=864">Fonctionnement</a></span></h2>
<h2><span style="text-decoration: underline; color: #3366ff;"><a style="color: #3366ff; text-decoration: underline;" href="https://vttmassifjura.fr/?page_id=852" target="_blank" rel="noopener">Inscriptions entraînements</a></span></h2>
</div><figure class="wp-block-media-text__media"><img loading="lazy" decoding="async" width="1024" height="768" src="http://vttmassifjura.fr/wp-content/uploads/2021/10/IMG-20211016-WA0002-1024x768.jpg" alt="" class="wp-image-590 size-full" srcset="https://vttmassifjura.fr/wp-content/uploads/2021/10/IMG-20211016-WA0002-1024x768.jpg 1024w, https://vttmassifjura.fr/wp-content/uploads/2021/10/IMG-20211016-WA0002-300x225.jpg 300w, https://vttmassifjura.fr/wp-content/uploads/2021/10/IMG-20211016-WA0002-768x576.jpg 768w, https://vttmassifjura.fr/wp-content/uploads/2021/10/IMG-20211016-WA0002-1536x1152.jpg 1536w, https://vttmassifjura.fr/wp-content/uploads/2021/10/IMG-20211016-WA0002.jpg 1600w" sizes="auto, (max-width: 1024px) 100vw, 1024px" /></figure></div>
</div></div>



<details class="wp-block-details is-layout-flow wp-block-details-is-layout-flow"><summary></summary></details>



<h2 class="wp-block-heading">Reprise des entrainements le Mercredi 22 Avril 2026</h2>



<p data-wp-context---core-fit-text="core/fit-text::{&quot;fontSize&quot;:&quot;&quot;}" data-wp-init---core-fit-text="core/fit-text::callbacks.init" data-wp-interactive data-wp-style--font-size="core/fit-text::context.fontSize" class="has-fit-text">Nous vous donnons rendez-vous le mercredi 22 avril à 14h à Prémanon pour la reprise des entrainements. </p>



<p data-wp-context---core-fit-text="core/fit-text::{&quot;fontSize&quot;:&quot;&quot;}" data-wp-init---core-fit-text="core/fit-text::callbacks.init" data-wp-interactive data-wp-style--font-size="core/fit-text::context.fontSize" class="has-fit-text">Pour plus de renseignements, n&rsquo;hésitez pas à nous contacter par mail : info.vttmassifjura@gmail.com<br></p>



<figure class="wp-block-image size-full is-resized"><img loading="lazy" decoding="async" width="736" height="920" src="https://vttmassifjura.fr/wp-content/uploads/2026/03/VTT-ENFANT-1.jpg" alt="" class="wp-image-1118" style="width:124px;height:auto" srcset="https://vttmassifjura.fr/wp-content/uploads/2026/03/VTT-ENFANT-1.jpg 736w, https://vttmassifjura.fr/wp-content/uploads/2026/03/VTT-ENFANT-1-240x300.jpg 240w" sizes="auto, (max-width: 736px) 100vw, 736px" /></figure>



<h2 class="wp-block-heading">STAGE DE PAQUES 2026</h2>



<p>Clément vous propose un stage pendant les vacances pour les U9/U11 du 06 au 08 avril 2026 de 10h à 12h et de 13h30 à 16h aux Rousses. Possibilité de manger sur place. Inscription obligatoire par mail. Etre à jour de sa licence.</p>



<p></p>

<p>Fonctionnement Inscriptions entraînements Reprise des entrainements le Mercredi 22 Avril 2026 Nous vous donnons rendez-vous le mercredi 22 avril à 14h à Prémanon pour la reprise des entrainements. Pour plus de renseignements, n&rsquo;hésitez pas à nous contacter par mail : info.vttmassifjura@gmail.com STAGE DE PAQUES 2026 Clément vous propose un stage pendant les vacances pour les &hellip;</p>
<p class="read-more"> <a class="" href="https://vttmassifjura.fr/?page_id=625"> <span class="screen-reader-text">Entrainement</span> Lire la suite »</a></p>
