{"id":637,"date":"2021-10-21T15:36:50","date_gmt":"2021-10-21T15:36:50","guid":{"rendered":"http:\/\/vttmassifjura.fr\/?page_id=637"},"modified":"2026-02-14T22:21:31","modified_gmt":"2026-02-14T22:21:31","slug":"competitions","status":"publish","type":"page","link":"https:\/\/vttmassifjura.fr\/?page_id=637","title":{"rendered":"Comp\u00e9titions"},"content":{"rendered":"\n<div class=\"wp-block-cover alignfull is-light has-parallax\" style=\"min-height:380px;aspect-ratio:unset;\"><div class=\"wp-block-cover__image-background wp-image-586 has-parallax\" style=\"background-position:50% 50%;background-image:url(http:\/\/vttmassifjura.fr\/wp-content\/uploads\/2021\/10\/IMG_20210613_123215-scaled.jpg)\"><\/div><span aria-hidden=\"true\" class=\"wp-block-cover__background has-ast-global-color-1-background-color has-background-dim\"><\/span><div class=\"wp-block-cover__inner-container is-layout-flow wp-block-cover-is-layout-flow\">\n<h1 class=\"wp-block-heading has-text-align-center has-white-color has-text-color\" id=\"competitions\">Comp\u00e9titions<\/h1>\n<\/div><\/div>\n\n\n<h2>Note importante pour les comp\u00e9titions<\/h2>\n<p>Pour toutes les organisations, les derni\u00e8res infos \u00e0 jour se trouvent sur le site\u00a0:\u00a0<span style=\"text-decoration: underline;\"><span style=\"color: #3366ff;\"><a style=\"color: #3366ff; text-decoration: underline;\" href=\"https:\/\/www.ffc-bfc.fr\/\" target=\"_blank\" rel=\"noopener\" data-saferedirecturl=\"https:\/\/www.google.com\/url?q=https:\/\/www.ffc-bfc.fr\/&amp;source=gmail&amp;ust=1643191605673000&amp;usg=AOvVaw1R_3pOnMsFJdvQQwpfc-MM\"><span style=\"color: #333399; text-decoration: underline;\">Comit\u00e9s r\u00e9gionaux de cyclisme &#8211; Bourgogne \/ Franche-Comt\u00e9 (ffc-bfc.fr)<\/span><\/a><\/span><\/span> ainsi que les r\u00e8glements.<\/p>\n<p style=\"font-weight: 400;\"><span style=\"color: #ff0000;\"><strong><u>IMPORTANT<\/u><\/strong> <strong>: les inscriptions se font (et sont pay\u00e9es) par le club, mais il faut vous inscrire dans le lien vers le tableau ci-dessous au plus tard le mercredi 20h pr\u00e9c\u00e9dent une course qui a lieu un dimanche ou le mardi 20h pour une course qui a lieu un samedi.<\/strong><\/span><\/p>\n<p>Si vous ne prenez pas le d\u00e9part de la course sans motif et sans avoir pr\u00e9venu le club par mail : <a href=\"mailto:info.vttmassifjura@gmail.com\">info.vttmassifjura@gmail.com<\/a> vous devrez rembourser le montant de l\u2019inscription.<\/p>\n<p style=\"font-weight: 400;\">Vous pourrez toujours vous inscrire sur place (si le r\u00e8glement de l\u2019organisateur le permet) mais vous serez plac\u00e9 en derni\u00e8re ligne et vous devrez payer votre engagement.<\/p>\n<p style=\"font-weight: 400;\">Une plaque de cadre vous sera factur\u00e9e 3\u20ac \u00e0 la premi\u00e8re course, vous devrez la garder toute la saison.<\/p>\n<p>Le port du maillot du club est obligatoire.<\/p>\n<h2><strong><a href=\"https:\/\/docs.google.com\/spreadsheets\/d\/1F1HDvU6KOvyFf3Z3YpN0ztaqxybe4m9W\/edit?usp=sharing&amp;ouid=102221566722474402936&amp;rtpof=true&amp;sd=true\" target=\"_blank\" rel=\"noopener\">Cliquez ici pour vous inscrire<\/a><\/strong><\/h2>\n<h2><strong>Calendrier 2026<\/strong><\/h2>\n<table style=\"height: 932px;\" width=\"1135\">\n<tbody>\n<tr>\n<td width=\"130\">\u00a0<\/td>\n<td width=\"685\">\n<h3><strong>COUPES BFC XCO<\/strong><\/h3>\n<\/td>\n<\/tr>\n<tr>\n<td>15 mars 2026<\/td>\n<td>DIJON<\/td>\n<\/tr>\n<tr>\n<td>05 avril 2026<\/td>\n<td>ANDELOT MORVAL\u00a0 \u00a0(CHPT du JURA)<\/td>\n<\/tr>\n<tr>\n<td>03 mai 2026<\/td>\n<td>LES FOURGS<\/td>\n<\/tr>\n<tr>\n<td>17 mai 2026<\/td>\n<td>MONTCEAU LES MINES<\/td>\n<\/tr>\n<tr>\n<td>05 septembre 2026<\/td>\n<td>MESVRES\u00a0<\/td>\n<\/tr>\n<tr>\n<td>\u00a0<\/td>\n<td>\u00a0<\/td>\n<\/tr>\n<tr>\n<td>\u00a0<\/td>\n<td>\n<h3><strong>CHAMPIONNAT BFC XC<\/strong><\/h3>\n<\/td>\n<\/tr>\n<tr>\n<td>14 juin 2026<\/td>\n<td>DOLE (obligatoire pour s\u00e9lection TJJV)<\/td>\n<\/tr>\n<tr>\n<td>\u00a0<\/td>\n<td>\u00a0<\/td>\n<\/tr>\n<tr>\n<td>\u00a0<\/td>\n<td>\n<h3><strong>TRJV<\/strong><\/h3>\n<\/td>\n<\/tr>\n<tr>\n<td>05 avril 2026<\/td>\n<td>ANDELOT MORVAL : XCO<\/td>\n<\/tr>\n<tr>\n<td>25 avril 2026<\/td>\n<td>AUTUN\u00a0 : ENDURO<\/td>\n<\/tr>\n<tr>\n<td>03 mai 2026<\/td>\n<td>\n<p>LES FOURGS : XCO<\/p>\n<\/td>\n<\/tr>\n<tr>\n<td>10 mai 2026<\/td>\n<td>GIROMAGNY : TRIAL + DH<\/td>\n<\/tr>\n<tr>\n<td>17 mai 2026<\/td>\n<td>MONTCEAU LES MINES : XCO<\/td>\n<\/tr>\n<tr>\n<td>06 et 07 juin 2026<\/td>\n<td>TIJV REMIREMONT<\/td>\n<\/tr>\n<tr>\n<td>21\u00a0 juin 2026<\/td>\n<td>CONLIEGE : XCC + TRIAL<\/td>\n<\/tr>\n<tr>\n<td>03 au 07 ao\u00fbt 2026<\/td>\n<td>TFJV (s\u00e9lection) GUERET<\/td>\n<\/tr>\n<\/tbody>\n<\/table>\n<p>\u00a0<\/p>\n<h2><strong><a href=\"https:\/\/docs.google.com\/spreadsheets\/d\/1F1HDvU6KOvyFf3Z3YpN0ztaqxybe4m9W\/edit?usp=sharing&amp;ouid=102221566722474402936&amp;rtpof=true&amp;sd=true\" target=\"_blank\" rel=\"noopener\">Cliquez ici pour vous inscrire<\/a><\/strong><\/h2>\n\n\n<div class=\"wp-block-columns is-layout-flex wp-container-core-columns-is-layout-9d6595d7 wp-block-columns-is-layout-flex\">\n<div class=\"wp-block-column is-layout-flow wp-block-column-is-layout-flow\" style=\"flex-basis:100%\"><\/div>\n<\/div>\n\n\n\n<figure class=\"wp-block-table\"><table class=\"has-fixed-layout\"><tbody><tr><td><strong>ENDURO KIDS<\/strong><\/td><td><\/td><\/tr><tr><td>12 septembre 2026<\/td><td>AUTUN<\/td><\/tr><tr><td>27 septembre 2026<\/td><td>ORGELET<\/td><\/tr><tr><td>04 octobre 2026<\/td><td>CONLIEGE<\/td><\/tr><tr><td>18 octobre 2026<\/td><td>BLANOT<\/td><\/tr><\/tbody><\/table><\/figure>\n\n\n\n<p><\/p>\n","protected":false},"excerpt":{"rendered":"<p>Note importante pour les comp\u00e9titions Pour toutes les organisations, les derni\u00e8res infos \u00e0 jour se trouvent sur le site\u00a0:\u00a0Comit\u00e9s r\u00e9gionaux de cyclisme &#8211; Bourgogne \/ Franche-Comt\u00e9 (ffc-bfc.fr) ainsi que les r\u00e8glements. IMPORTANT : les inscriptions se font (et sont pay\u00e9es) par le club, mais il faut vous inscrire dans le lien vers le tableau ci-dessous &hellip;<\/p>\n<p class=\"read-more\"> <a class=\"\" href=\"https:\/\/vttmassifjura.fr\/?page_id=637\"> <span class=\"screen-reader-text\">Comp\u00e9titions<\/span> Lire la suite\u00a0\u00bb<\/a><\/p>\n","protected":false},"author":1,"featured_media":0,"parent":0,"menu_order":0,"comment_status":"closed","ping_status":"closed","template":"","meta":{"_monsterinsights_skip_tracking":false,"_monsterinsights_sitenote_active":false,"_monsterinsights_sitenote_note":"","_monsterinsights_sitenote_category":0,"site-sidebar-layout":"no-sidebar","site-content-layout":"plain-container","ast-main-header-display":"","ast-hfb-above-header-display":"","ast-hfb-below-header-display":"","ast-hfb-mobile-header-display":"","site-post-title":"disabled","ast-breadcrumbs-content":"","ast-featured-img":"disabled","footer-sml-layout":"","theme-transparent-header-meta":"enabled","adv-header-id-meta":"","stick-header-meta":"","header-above-stick-meta":"","header-main-stick-meta":"","header-below-stick-meta":"","footnotes":""},"class_list":["post-637","page","type-page","status-publish","hentry"],"_links":{"self":[{"href":"https:\/\/vttmassifjura.fr\/index.php?rest_route=\/wp\/v2\/pages\/637","targetHints":{"allow":["GET"]}}],"collection":[{"href":"https:\/\/vttmassifjura.fr\/index.php?rest_route=\/wp\/v2\/pages"}],"about":[{"href":"https:\/\/vttmassifjura.fr\/index.php?rest_route=\/wp\/v2\/types\/page"}],"author":[{"embeddable":true,"href":"https:\/\/vttmassifjura.fr\/index.php?rest_route=\/wp\/v2\/users\/1"}],"replies":[{"embeddable":true,"href":"https:\/\/vttmassifjura.fr\/index.php?rest_route=%2Fwp%2Fv2%2Fcomments&post=637"}],"version-history":[{"count":40,"href":"https:\/\/vttmassifjura.fr\/index.php?rest_route=\/wp\/v2\/pages\/637\/revisions"}],"predecessor-version":[{"id":1110,"href":"https:\/\/vttmassifjura.fr\/index.php?rest_route=\/wp\/v2\/pages\/637\/revisions\/1110"}],"wp:attachment":[{"href":"https:\/\/vttmassifjura.fr\/index.php?rest_route=%2Fwp%2Fv2%2Fmedia&parent=637"}],"curies":[{"name":"wp","href":"https:\/\/api.w.org\/{rel}","templated":true}]}}

Compétitions

<div class="wp-block-cover alignfull is-light has-parallax" style="min-height:380px;aspect-ratio:unset;"><div class="wp-block-cover__image-background wp-image-586 has-parallax" style="background-position:50% 50%;background-image:url(http://vttmassifjura.fr/wp-content/uploads/2021/10/IMG_20210613_123215-scaled.jpg)"></div><span aria-hidden="true" class="wp-block-cover__background has-ast-global-color-1-background-color has-background-dim"></span><div class="wp-block-cover__inner-container is-layout-flow wp-block-cover-is-layout-flow">
<h1 class="wp-block-heading has-text-align-center has-white-color has-text-color" id="competitions">Compétitions</h1>
</div></div>


<h2>Note importante pour les compétitions</h2>
<p>Pour toutes les organisations, les dernières infos à jour se trouvent sur le site : <span style="text-decoration: underline;"><span style="color: #3366ff;"><a style="color: #3366ff; text-decoration: underline;" href="https://www.ffc-bfc.fr/" target="_blank" rel="noopener" data-saferedirecturl="https://www.google.com/url?q=https://www.ffc-bfc.fr/&amp;source=gmail&amp;ust=1643191605673000&amp;usg=AOvVaw1R_3pOnMsFJdvQQwpfc-MM"><span style="color: #333399; text-decoration: underline;">Comités régionaux de cyclisme &#8211; Bourgogne / Franche-Comté (ffc-bfc.fr)</span></a></span></span> ainsi que les règlements.</p>
<p style="font-weight: 400;"><span style="color: #ff0000;"><strong><u>IMPORTANT</u></strong> <strong>: les inscriptions se font (et sont payées) par le club, mais il faut vous inscrire dans le lien vers le tableau ci-dessous au plus tard le mercredi 20h précédent une course qui a lieu un dimanche ou le mardi 20h pour une course qui a lieu un samedi.</strong></span></p>
<p>Si vous ne prenez pas le départ de la course sans motif et sans avoir prévenu le club par mail : <a href="mailto:info.vttmassifjura@gmail.com">info.vttmassifjura@gmail.com</a> vous devrez rembourser le montant de l’inscription.</p>
<p style="font-weight: 400;">Vous pourrez toujours vous inscrire sur place (si le règlement de l’organisateur le permet) mais vous serez placé en dernière ligne et vous devrez payer votre engagement.</p>
<p style="font-weight: 400;">Une plaque de cadre vous sera facturée 3€ à la première course, vous devrez la garder toute la saison.</p>
<p>Le port du maillot du club est obligatoire.</p>
<h2><strong><a href="https://docs.google.com/spreadsheets/d/1F1HDvU6KOvyFf3Z3YpN0ztaqxybe4m9W/edit?usp=sharing&amp;ouid=102221566722474402936&amp;rtpof=true&amp;sd=true" target="_blank" rel="noopener">Cliquez ici pour vous inscrire</a></strong></h2>
<h2><strong>Calendrier 2026</strong></h2>
<table style="height: 932px;" width="1135">
<tbody>
<tr>
<td width="130"> </td>
<td width="685">
<h3><strong>COUPES BFC XCO</strong></h3>
</td>
</tr>
<tr>
<td>15 mars 2026</td>
<td>DIJON</td>
</tr>
<tr>
<td>05 avril 2026</td>
<td>ANDELOT MORVAL   (CHPT du JURA)</td>
</tr>
<tr>
<td>03 mai 2026</td>
<td>LES FOURGS</td>
</tr>
<tr>
<td>17 mai 2026</td>
<td>MONTCEAU LES MINES</td>
</tr>
<tr>
<td>05 septembre 2026</td>
<td>MESVRES </td>
</tr>
<tr>
<td> </td>
<td> </td>
</tr>
<tr>
<td> </td>
<td>
<h3><strong>CHAMPIONNAT BFC XC</strong></h3>
</td>
</tr>
<tr>
<td>14 juin 2026</td>
<td>DOLE (obligatoire pour sélection TJJV)</td>
</tr>
<tr>
<td> </td>
<td> </td>
</tr>
<tr>
<td> </td>
<td>
<h3><strong>TRJV</strong></h3>
</td>
</tr>
<tr>
<td>05 avril 2026</td>
<td>ANDELOT MORVAL : XCO</td>
</tr>
<tr>
<td>25 avril 2026</td>
<td>AUTUN  : ENDURO</td>
</tr>
<tr>
<td>03 mai 2026</td>
<td>
<p>LES FOURGS : XCO</p>
</td>
</tr>
<tr>
<td>10 mai 2026</td>
<td>GIROMAGNY : TRIAL + DH</td>
</tr>
<tr>
<td>17 mai 2026</td>
<td>MONTCEAU LES MINES : XCO</td>
</tr>
<tr>
<td>06 et 07 juin 2026</td>
<td>TIJV REMIREMONT</td>
</tr>
<tr>
<td>21  juin 2026</td>
<td>CONLIEGE : XCC + TRIAL</td>
</tr>
<tr>
<td>03 au 07 août 2026</td>
<td>TFJV (sélection) GUERET</td>
</tr>
</tbody>
</table>
<p> </p>
<h2><strong><a href="https://docs.google.com/spreadsheets/d/1F1HDvU6KOvyFf3Z3YpN0ztaqxybe4m9W/edit?usp=sharing&amp;ouid=102221566722474402936&amp;rtpof=true&amp;sd=true" target="_blank" rel="noopener">Cliquez ici pour vous inscrire</a></strong></h2>


<div class="wp-block-columns is-layout-flex wp-container-core-columns-is-layout-9d6595d7 wp-block-columns-is-layout-flex">
<div class="wp-block-column is-layout-flow wp-block-column-is-layout-flow" style="flex-basis:100%"></div>
</div>



<figure class="wp-block-table"><table class="has-fixed-layout"><tbody><tr><td><strong>ENDURO KIDS</strong></td><td></td></tr><tr><td>12 septembre 2026</td><td>AUTUN</td></tr><tr><td>27 septembre 2026</td><td>ORGELET</td></tr><tr><td>04 octobre 2026</td><td>CONLIEGE</td></tr><tr><td>18 octobre 2026</td><td>BLANOT</td></tr></tbody></table></figure>



<p></p>

<p>Note importante pour les compétitions Pour toutes les organisations, les dernières infos à jour se trouvent sur le site : Comités régionaux de cyclisme &#8211; Bourgogne / Franche-Comté (ffc-bfc.fr) ainsi que les règlements. IMPORTANT : les inscriptions se font (et sont payées) par le club, mais il faut vous inscrire dans le lien vers le tableau ci-dessous &hellip;</p>
<p class="read-more"> <a class="" href="https://vttmassifjura.fr/?page_id=637"> <span class="screen-reader-text">Compétitions</span> Lire la suite »</a></p>
