{"id":852,"date":"2022-04-26T16:44:57","date_gmt":"2022-04-26T16:44:57","guid":{"rendered":"https:\/\/vttmassifjura.fr\/?page_id=852"},"modified":"2026-03-30T13:56:06","modified_gmt":"2026-03-30T13:56:06","slug":"inscriptions-entrainements","status":"publish","type":"page","link":"https:\/\/vttmassifjura.fr\/?page_id=852","title":{"rendered":"Inscriptions entra\u00eenements"},"content":{"rendered":"\n<div class=\"wp-block-cover alignfull is-light has-parallax\" style=\"min-height:380px;aspect-ratio:unset;\"><div class=\"wp-block-cover__image-background wp-image-565 has-parallax\" style=\"background-position:50% 50%;background-image:url(http:\/\/vttmassifjura.fr\/wp-content\/uploads\/2021\/10\/IMG-20210902-WA0020.jpg)\"><\/div><span aria-hidden=\"true\" class=\"wp-block-cover__background has-ast-global-color-1-background-color has-background-dim-40 has-background-dim\"><\/span><div class=\"wp-block-cover__inner-container is-layout-flow wp-block-cover-is-layout-flow\">\n<h1 class=\"wp-block-heading has-text-align-center has-white-color has-text-color\" id=\"ecole-de-vtt-entrainements-enfants\">Inscriptions entra\u00eenements<\/h1>\n<\/div><\/div>\n\n\n\n<div class=\"wp-block-group alignfull has-white-background-color has-background is-layout-flow wp-block-group-is-layout-flow\"><div class=\"wp-block-group__inner-container\"><\/div><\/div>\n\n\n\n<h2 class=\"wp-block-heading\" id=\"inscriptions\">Inscriptions aux entra\u00eenements de l&rsquo;\u00e9cole de VTT<\/h2>\n\n\n\n<h2 class=\"wp-block-heading\"><a href=\"https:\/\/docs.google.com\/spreadsheets\/d\/1F1HDvU6KOvyFf3Z3YpN0ztaqxybe4m9W\/edit?gid=1742435303#gid=1742435303\">Reprise entrainement des enfants<\/a><\/h2>\n\n\n\n<details class=\"wp-block-details is-layout-flow wp-block-details-is-layout-flow\"><summary>La reprise des entrainements pour les enfants est pr\u00e9vue le mercredi 22 avril 2026 \u00e0 14h \u00e0 Pr\u00e9manon<br>Merci de vous inscrire sur le tableau <\/summary>\n<p><\/p>\n\n\n\n<p><\/p>\n<\/details>\n\n\n\n<figure class=\"wp-block-image size-full is-resized\"><img loading=\"lazy\" decoding=\"async\" width=\"736\" height=\"920\" src=\"http:\/\/vttmassifjura.fr\/wp-content\/uploads\/2026\/03\/VTT-ENFANT-1.jpg\" alt=\"La reprise des entrainements pour les enfants est pr\u00e9vue le mercredi 22 avril 2026 \u00e0 14h \u00e0 Pr\u00e9manon\n\" class=\"wp-image-1118\" style=\"width:240px;height:auto\" srcset=\"https:\/\/vttmassifjura.fr\/wp-content\/uploads\/2026\/03\/VTT-ENFANT-1.jpg 736w, https:\/\/vttmassifjura.fr\/wp-content\/uploads\/2026\/03\/VTT-ENFANT-1-240x300.jpg 240w\" sizes=\"auto, (max-width: 736px) 100vw, 736px\" \/><\/figure>\n\n\n<p><strong>Inscriptions des jeunes aux entra\u00eenements :<\/strong><br \/>Afin que nos entra\u00eeneurs puissent s&rsquo;organiser, merci d&rsquo;inscrire votre enfant par le lien ci-dessous avant la veille de l&rsquo;entra\u00eenement \u00e0 20h. Pass\u00e9 ce d\u00e9lai, nous nous r\u00e9servons le droit de refuser votre enfant \u00e0 l&rsquo;entra\u00eenement.<br \/>Les groupes ont \u00e9t\u00e9 constitu\u00e9s selon les \u00e2ges et niveaux que nous connaissons mais ils ne sont pas fig\u00e9s et sont amen\u00e9s \u00e0 \u00eatre modifi\u00e9s selon l&rsquo;\u00e9volution des jeunes.<br \/><span style=\"text-decoration: underline;\"><span style=\"color: #3366ff;\"><a style=\"color: #3366ff; text-decoration: underline;\" href=\"https:\/\/docs.google.com\/spreadsheets\/d\/1DDA7D_6wybdzX8GAr4gaOhpeE4LWP-LAsudF789i1nA\/edit?usp=sharing\" target=\"_blank\" rel=\"noopener\">Inscriptions jeunes<\/a><\/span><\/span><\/p>\n<p><strong>Inscriptions des encadrants aux entra\u00eenements :<br \/><\/strong>Les moniteurs doivent \u00e9galement s&rsquo;inscrire afin de savoir en avance si les entrainements pourront s&rsquo;effectuer dans des conditions optimums.<br \/>N&rsquo;h\u00e9sitez pas \u00e0 inscrire toutes les disponibilit\u00e9s et indisponibilit\u00e9s que vous conna\u00eetriez d\u00e9j\u00e0.<br \/>Les parents qui souhaitent accompagner sont plus que bienvenus, n&rsquo;h\u00e9sitez pas \u00e9galement \u00e0 vous inscrire directement dans le tableau, les moniteurs ne sont jamais assez de trop !!!<br \/><span style=\"text-decoration: underline;\"><span style=\"color: #3366ff;\"><a style=\"color: #3366ff; text-decoration: underline;\" href=\"https:\/\/docs.google.com\/spreadsheets\/d\/1OMp4i7wVZVcDc-Bv5rFs83Gth5sRLGyGRezUs_oVF0A\/edit?usp=sharing\" target=\"_blank\" rel=\"noopener\">Inscriptions encadrants<\/a><\/span><\/span><\/p>\n\n\n<p><\/p>\n","protected":false},"excerpt":{"rendered":"<p>Inscriptions aux entra\u00eenements de l&rsquo;\u00e9cole de VTT Reprise entrainement des enfants Inscriptions des jeunes aux entra\u00eenements :Afin que nos entra\u00eeneurs puissent s&rsquo;organiser, merci d&rsquo;inscrire votre enfant par le lien ci-dessous avant la veille de l&rsquo;entra\u00eenement \u00e0 20h. Pass\u00e9 ce d\u00e9lai, nous nous r\u00e9servons le droit de refuser votre enfant \u00e0 l&rsquo;entra\u00eenement.Les groupes ont \u00e9t\u00e9 constitu\u00e9s &hellip;<\/p>\n<p class=\"read-more\"> <a class=\"\" href=\"https:\/\/vttmassifjura.fr\/?page_id=852\"> <span class=\"screen-reader-text\">Inscriptions entra\u00eenements<\/span> Lire la suite\u00a0\u00bb<\/a><\/p>\n","protected":false},"author":1,"featured_media":0,"parent":0,"menu_order":0,"comment_status":"closed","ping_status":"closed","template":"","meta":{"_monsterinsights_skip_tracking":false,"_monsterinsights_sitenote_active":false,"_monsterinsights_sitenote_note":"","_monsterinsights_sitenote_category":0,"site-sidebar-layout":"no-sidebar","site-content-layout":"plain-container","ast-main-header-display":"","ast-hfb-above-header-display":"","ast-hfb-below-header-display":"","ast-hfb-mobile-header-display":"","site-post-title":"disabled","ast-breadcrumbs-content":"","ast-featured-img":"disabled","footer-sml-layout":"","theme-transparent-header-meta":"enabled","adv-header-id-meta":"","stick-header-meta":"","header-above-stick-meta":"","header-main-stick-meta":"","header-below-stick-meta":"","footnotes":""},"class_list":["post-852","page","type-page","status-publish","hentry"],"_links":{"self":[{"href":"https:\/\/vttmassifjura.fr\/index.php?rest_route=\/wp\/v2\/pages\/852","targetHints":{"allow":["GET"]}}],"collection":[{"href":"https:\/\/vttmassifjura.fr\/index.php?rest_route=\/wp\/v2\/pages"}],"about":[{"href":"https:\/\/vttmassifjura.fr\/index.php?rest_route=\/wp\/v2\/types\/page"}],"author":[{"embeddable":true,"href":"https:\/\/vttmassifjura.fr\/index.php?rest_route=\/wp\/v2\/users\/1"}],"replies":[{"embeddable":true,"href":"https:\/\/vttmassifjura.fr\/index.php?rest_route=%2Fwp%2Fv2%2Fcomments&post=852"}],"version-history":[{"count":8,"href":"https:\/\/vttmassifjura.fr\/index.php?rest_route=\/wp\/v2\/pages\/852\/revisions"}],"predecessor-version":[{"id":1150,"href":"https:\/\/vttmassifjura.fr\/index.php?rest_route=\/wp\/v2\/pages\/852\/revisions\/1150"}],"wp:attachment":[{"href":"https:\/\/vttmassifjura.fr\/index.php?rest_route=%2Fwp%2Fv2%2Fmedia&parent=852"}],"curies":[{"name":"wp","href":"https:\/\/api.w.org\/{rel}","templated":true}]}}

Inscriptions entraînements

<div class="wp-block-cover alignfull is-light has-parallax" style="min-height:380px;aspect-ratio:unset;"><div class="wp-block-cover__image-background wp-image-565 has-parallax" style="background-position:50% 50%;background-image:url(http://vttmassifjura.fr/wp-content/uploads/2021/10/IMG-20210902-WA0020.jpg)"></div><span aria-hidden="true" class="wp-block-cover__background has-ast-global-color-1-background-color has-background-dim-40 has-background-dim"></span><div class="wp-block-cover__inner-container is-layout-flow wp-block-cover-is-layout-flow">
<h1 class="wp-block-heading has-text-align-center has-white-color has-text-color" id="ecole-de-vtt-entrainements-enfants">Inscriptions entraînements</h1>
</div></div>



<div class="wp-block-group alignfull has-white-background-color has-background is-layout-flow wp-block-group-is-layout-flow"><div class="wp-block-group__inner-container"></div></div>



<h2 class="wp-block-heading" id="inscriptions">Inscriptions aux entraînements de l&rsquo;école de VTT</h2>



<h2 class="wp-block-heading"><a href="https://docs.google.com/spreadsheets/d/1F1HDvU6KOvyFf3Z3YpN0ztaqxybe4m9W/edit?gid=1742435303#gid=1742435303">Reprise entrainement des enfants</a></h2>



<details class="wp-block-details is-layout-flow wp-block-details-is-layout-flow"><summary>La reprise des entrainements pour les enfants est prévue le mercredi 22 avril 2026 à 14h à Prémanon<br>Merci de vous inscrire sur le tableau </summary>
<p></p>



<p></p>
</details>



<figure class="wp-block-image size-full is-resized"><img loading="lazy" decoding="async" width="736" height="920" src="http://vttmassifjura.fr/wp-content/uploads/2026/03/VTT-ENFANT-1.jpg" alt="La reprise des entrainements pour les enfants est prévue le mercredi 22 avril 2026 à 14h à Prémanon
" class="wp-image-1118" style="width:240px;height:auto" srcset="https://vttmassifjura.fr/wp-content/uploads/2026/03/VTT-ENFANT-1.jpg 736w, https://vttmassifjura.fr/wp-content/uploads/2026/03/VTT-ENFANT-1-240x300.jpg 240w" sizes="auto, (max-width: 736px) 100vw, 736px" /></figure>


<p><strong>Inscriptions des jeunes aux entraînements :</strong><br />Afin que nos entraîneurs puissent s&rsquo;organiser, merci d&rsquo;inscrire votre enfant par le lien ci-dessous avant la veille de l&rsquo;entraînement à 20h. Passé ce délai, nous nous réservons le droit de refuser votre enfant à l&rsquo;entraînement.<br />Les groupes ont été constitués selon les âges et niveaux que nous connaissons mais ils ne sont pas figés et sont amenés à être modifiés selon l&rsquo;évolution des jeunes.<br /><span style="text-decoration: underline;"><span style="color: #3366ff;"><a style="color: #3366ff; text-decoration: underline;" href="https://docs.google.com/spreadsheets/d/1DDA7D_6wybdzX8GAr4gaOhpeE4LWP-LAsudF789i1nA/edit?usp=sharing" target="_blank" rel="noopener">Inscriptions jeunes</a></span></span></p>
<p><strong>Inscriptions des encadrants aux entraînements :<br /></strong>Les moniteurs doivent également s&rsquo;inscrire afin de savoir en avance si les entrainements pourront s&rsquo;effectuer dans des conditions optimums.<br />N&rsquo;hésitez pas à inscrire toutes les disponibilités et indisponibilités que vous connaîtriez déjà.<br />Les parents qui souhaitent accompagner sont plus que bienvenus, n&rsquo;hésitez pas également à vous inscrire directement dans le tableau, les moniteurs ne sont jamais assez de trop !!!<br /><span style="text-decoration: underline;"><span style="color: #3366ff;"><a style="color: #3366ff; text-decoration: underline;" href="https://docs.google.com/spreadsheets/d/1OMp4i7wVZVcDc-Bv5rFs83Gth5sRLGyGRezUs_oVF0A/edit?usp=sharing" target="_blank" rel="noopener">Inscriptions encadrants</a></span></span></p>


<p></p>

<p>Inscriptions aux entraînements de l&rsquo;école de VTT Reprise entrainement des enfants Inscriptions des jeunes aux entraînements :Afin que nos entraîneurs puissent s&rsquo;organiser, merci d&rsquo;inscrire votre enfant par le lien ci-dessous avant la veille de l&rsquo;entraînement à 20h. Passé ce délai, nous nous réservons le droit de refuser votre enfant à l&rsquo;entraînement.Les groupes ont été constitués &hellip;</p>
<p class="read-more"> <a class="" href="https://vttmassifjura.fr/?page_id=852"> <span class="screen-reader-text">Inscriptions entraînements</span> Lire la suite »</a></p>
