{"id":864,"date":"2022-04-26T17:13:30","date_gmt":"2022-04-26T17:13:30","guid":{"rendered":"https:\/\/vttmassifjura.fr\/?page_id=864"},"modified":"2026-03-30T13:43:48","modified_gmt":"2026-03-30T13:43:48","slug":"fonctionnement","status":"publish","type":"page","link":"https:\/\/vttmassifjura.fr\/?page_id=864","title":{"rendered":"Fonctionnement"},"content":{"rendered":"\n<div class=\"wp-block-cover alignfull is-light has-parallax\" style=\"min-height:380px;aspect-ratio:unset;\"><div class=\"wp-block-cover__image-background wp-image-565 has-parallax\" style=\"background-position:50% 50%;background-image:url(http:\/\/vttmassifjura.fr\/wp-content\/uploads\/2021\/10\/IMG-20210902-WA0020.jpg)\"><\/div><span aria-hidden=\"true\" class=\"wp-block-cover__background has-ast-global-color-1-background-color has-background-dim-40 has-background-dim\"><\/span><div class=\"wp-block-cover__inner-container is-layout-flow wp-block-cover-is-layout-flow\">\n<h1 class=\"wp-block-heading has-text-align-center has-white-color has-text-color\" id=\"ecole-de-vtt-entrainements-enfants\">Fonctionnement<\/h1>\n<\/div><\/div>\n\n\n\n<div class=\"wp-block-group alignfull has-white-background-color has-background is-layout-flow wp-block-group-is-layout-flow\"><div class=\"wp-block-group__inner-container\">\n<div class=\"wp-block-media-text alignwide has-media-on-the-right is-stacked-on-mobile is-vertically-aligned-center\"><div class=\"wp-block-media-text__content\">\n<h2 class=\"wp-block-heading\" id=\"fonctionnement\">Fonctionnement \u00e9cole de VTT<\/h2>\n\n\n\n<p><span lang=\"FR-CH\">&nbsp;<span style=\"font-size: small;\">Le club VTT massif Jura offre la possibilit\u00e9 \u00e0 tous les enfants qui le souhaitent de venir s\u2019initier au VTT.<\/span><\/span><\/p>\n<p><span style=\"font-size: small;\"><span lang=\"FR-CH\">Les entrainements permettent aux enfants de progresser sur les techniques de pilotage (trial, descente\u2026) et de faire des sorties d\u2019endurance (cross-country), tout en profitant des joies d\u2019un sport d\u2019ext\u00e9rieur.<\/span><\/span><\/p>\n<p><span style=\"font-size: small;\"><span lang=\"FR-CH\">Afin de varier les sorties, deux sites de rendez-vous diff\u00e9rents, \u00e0 des jours et horaires diff\u00e9rents \u00e9galement&nbsp;:<\/span><\/span><\/p>\n<p><span style=\"font-size: small;\"><span lang=\"FR-CH\">\u00b7&nbsp;&nbsp;&nbsp;&nbsp;&nbsp;&nbsp;&nbsp;&nbsp;&nbsp;<\/span><span lang=\"FR-CH\">mercredi apr\u00e8s-midi de 14 h \u00e0 16 h \u00e0 Pr\u00e9manon<\/span><\/span><\/p>\n<p><span style=\"font-size: small;\"><span lang=\"FR-CH\">\u00b7&nbsp;&nbsp;&nbsp;&nbsp;&nbsp;&nbsp;&nbsp;&nbsp;&nbsp;<\/span><span lang=\"FR-CH\">samedi matin de 10 h \u00e0 12 h aux Rousses<\/span><\/span><\/p>\n<p><span style=\"font-size: small;\"><span lang=\"FR-CH\">&nbsp;<\/span><\/span><\/p>\n<p><span style=\"font-size: small;\"><span lang=\"FR-CH\">Chaque enfant de plus de 7 ans qui roule sur un VTT 20 pouces et qui sait reconnaitre sa gauche de sa droite peut venir au club.<\/span><\/span><\/p>\n<p><span style=\"font-size: small;\"><span lang=\"FR-CH\">Lors d\u2019un entrainement, les enfants doivent venir avec un v\u00e9lo en \u00e9tat, de quoi r\u00e9parer (1 chambre \u00e0 air, 1 patte de d\u00e9railleur), ainsi qu\u2019un casque (\u00e0 la bonne taille et ajust\u00e9), des lunettes, des gants, de quoi s&rsquo;hydrater et s&rsquo;alimenter (barres,&#8230;).<\/span><\/span><\/p>\n<p><span style=\"font-size: small;\"><span lang=\"FR-CH\">Les cours sont dispens\u00e9s par des moniteurs dipl\u00f4m\u00e9s.&nbsp;<b>En cours d\u2019ann\u00e9e<\/b>, des sorties \u00ab&nbsp;excentr\u00e9es&nbsp;\u00bb peuvent \u00eatre programm\u00e9es en fonction des conditions climatiques et de l\u2019assiduit\u00e9 des enfants (descente \u00e0 M\u00e9tabief, Bike-Park \u00e0 Longchaumois ou \u00e0 Morbier\u2026)<\/span><\/span><\/p>\n<p><span style=\"font-size: small;\"><span lang=\"FR-CH\">L\u2019inscription pr\u00e9alable \u00e0 un entrainement est obligatoire (afin de pr\u00e9voir le nombre de moniteurs suffisant) : il faut remplir le tableau des inscriptions (rubrique inscriptions !) au minimum la veille pour 20 h maxi.<\/span><\/span><\/p>\n<\/div><figure class=\"wp-block-media-text__media\"><img loading=\"lazy\" decoding=\"async\" width=\"1024\" height=\"768\" src=\"http:\/\/vttmassifjura.fr\/wp-content\/uploads\/2021\/10\/IMG-20211016-WA0002-1024x768.jpg\" alt=\"\" class=\"wp-image-590 size-full\" srcset=\"https:\/\/vttmassifjura.fr\/wp-content\/uploads\/2021\/10\/IMG-20211016-WA0002-1024x768.jpg 1024w, https:\/\/vttmassifjura.fr\/wp-content\/uploads\/2021\/10\/IMG-20211016-WA0002-300x225.jpg 300w, https:\/\/vttmassifjura.fr\/wp-content\/uploads\/2021\/10\/IMG-20211016-WA0002-768x576.jpg 768w, https:\/\/vttmassifjura.fr\/wp-content\/uploads\/2021\/10\/IMG-20211016-WA0002-1536x1152.jpg 1536w, https:\/\/vttmassifjura.fr\/wp-content\/uploads\/2021\/10\/IMG-20211016-WA0002.jpg 1600w\" sizes=\"auto, (max-width: 1024px) 100vw, 1024px\" \/><\/figure><\/div>\n<\/div><\/div>\n\n\n\n<h2 class=\"wp-block-heading\"><a href=\"https:\/\/docs.google.com\/spreadsheets\/d\/1F1HDvU6KOvyFf3Z3YpN0ztaqxybe4m9W\/edit?gid=1742435303#gid=1742435303\">Reprise entrainement des enfants<\/a><\/h2>\n\n\n\n<pre class=\"wp-block-preformatted\">La reprise des entrainements pour les enfants est pr\u00e9vue le mercredi 22 avril 2026 \u00e0 14h \u00e0 Pr\u00e9manon<br>Merci de vous inscrire sur le tableau (rubrique entrainement).<br>A bient\u00f4t!<\/pre>\n\n\n\n<figure class=\"wp-block-image size-full is-resized\"><img loading=\"lazy\" decoding=\"async\" width=\"736\" height=\"920\" src=\"http:\/\/vttmassifjura.fr\/wp-content\/uploads\/2026\/03\/VTT-ENFANT.jpg\" alt=\"\" class=\"wp-image-1117\" style=\"width:154px;height:auto\" srcset=\"https:\/\/vttmassifjura.fr\/wp-content\/uploads\/2026\/03\/VTT-ENFANT.jpg 736w, https:\/\/vttmassifjura.fr\/wp-content\/uploads\/2026\/03\/VTT-ENFANT-240x300.jpg 240w\" sizes=\"auto, (max-width: 736px) 100vw, 736px\" \/><\/figure>\n\n\n\n<details class=\"wp-block-details is-layout-flow wp-block-details-is-layout-flow\"><summary><\/summary>\n<p><\/p>\n<\/details>\n\n\n\n<p><\/p>\n","protected":false},"excerpt":{"rendered":"<p>Fonctionnement \u00e9cole de VTT &nbsp;Le club VTT massif Jura offre la possibilit\u00e9 \u00e0 tous les enfants qui le souhaitent de venir s\u2019initier au VTT. Les entrainements permettent aux enfants de progresser sur les techniques de pilotage (trial, descente\u2026) et de faire des sorties d\u2019endurance (cross-country), tout en profitant des joies d\u2019un sport d\u2019ext\u00e9rieur. Afin de &hellip;<\/p>\n<p class=\"read-more\"> <a class=\"\" href=\"https:\/\/vttmassifjura.fr\/?page_id=864\"> <span class=\"screen-reader-text\">Fonctionnement<\/span> Lire la suite\u00a0\u00bb<\/a><\/p>\n","protected":false},"author":1,"featured_media":0,"parent":0,"menu_order":0,"comment_status":"closed","ping_status":"closed","template":"","meta":{"_monsterinsights_skip_tracking":false,"_monsterinsights_sitenote_active":false,"_monsterinsights_sitenote_note":"","_monsterinsights_sitenote_category":0,"site-sidebar-layout":"no-sidebar","site-content-layout":"plain-container","ast-main-header-display":"","ast-hfb-above-header-display":"","ast-hfb-below-header-display":"","ast-hfb-mobile-header-display":"","site-post-title":"disabled","ast-breadcrumbs-content":"","ast-featured-img":"disabled","footer-sml-layout":"","theme-transparent-header-meta":"enabled","adv-header-id-meta":"","stick-header-meta":"","header-above-stick-meta":"","header-main-stick-meta":"","header-below-stick-meta":"","footnotes":""},"class_list":["post-864","page","type-page","status-publish","hentry"],"_links":{"self":[{"href":"https:\/\/vttmassifjura.fr\/index.php?rest_route=\/wp\/v2\/pages\/864","targetHints":{"allow":["GET"]}}],"collection":[{"href":"https:\/\/vttmassifjura.fr\/index.php?rest_route=\/wp\/v2\/pages"}],"about":[{"href":"https:\/\/vttmassifjura.fr\/index.php?rest_route=\/wp\/v2\/types\/page"}],"author":[{"embeddable":true,"href":"https:\/\/vttmassifjura.fr\/index.php?rest_route=\/wp\/v2\/users\/1"}],"replies":[{"embeddable":true,"href":"https:\/\/vttmassifjura.fr\/index.php?rest_route=%2Fwp%2Fv2%2Fcomments&post=864"}],"version-history":[{"count":4,"href":"https:\/\/vttmassifjura.fr\/index.php?rest_route=\/wp\/v2\/pages\/864\/revisions"}],"predecessor-version":[{"id":1142,"href":"https:\/\/vttmassifjura.fr\/index.php?rest_route=\/wp\/v2\/pages\/864\/revisions\/1142"}],"wp:attachment":[{"href":"https:\/\/vttmassifjura.fr\/index.php?rest_route=%2Fwp%2Fv2%2Fmedia&parent=864"}],"curies":[{"name":"wp","href":"https:\/\/api.w.org\/{rel}","templated":true}]}}

<div class="wp-block-cover alignfull is-light has-parallax" style="min-height:380px;aspect-ratio:unset;"><div class="wp-block-cover__image-background wp-image-565 has-parallax" style="background-position:50% 50%;background-image:url(http://vttmassifjura.fr/wp-content/uploads/2021/10/IMG-20210902-WA0020.jpg)"></div><span aria-hidden="true" class="wp-block-cover__background has-ast-global-color-1-background-color has-background-dim-40 has-background-dim"></span><div class="wp-block-cover__inner-container is-layout-flow wp-block-cover-is-layout-flow">
<h1 class="wp-block-heading has-text-align-center has-white-color has-text-color" id="ecole-de-vtt-entrainements-enfants">Fonctionnement</h1>
</div></div>



<div class="wp-block-group alignfull has-white-background-color has-background is-layout-flow wp-block-group-is-layout-flow"><div class="wp-block-group__inner-container">
<div class="wp-block-media-text alignwide has-media-on-the-right is-stacked-on-mobile is-vertically-aligned-center"><div class="wp-block-media-text__content">
<h2 class="wp-block-heading" id="fonctionnement">Fonctionnement école de VTT</h2>



<p><span lang="FR-CH">&nbsp;<span style="font-size: small;">Le club VTT massif Jura offre la possibilité à tous les enfants qui le souhaitent de venir s’initier au VTT.</span></span></p>
<p><span style="font-size: small;"><span lang="FR-CH">Les entrainements permettent aux enfants de progresser sur les techniques de pilotage (trial, descente…) et de faire des sorties d’endurance (cross-country), tout en profitant des joies d’un sport d’extérieur.</span></span></p>
<p><span style="font-size: small;"><span lang="FR-CH">Afin de varier les sorties, deux sites de rendez-vous différents, à des jours et horaires différents également&nbsp;:</span></span></p>
<p><span style="font-size: small;"><span lang="FR-CH">·&nbsp;&nbsp;&nbsp;&nbsp;&nbsp;&nbsp;&nbsp;&nbsp;&nbsp;</span><span lang="FR-CH">mercredi après-midi de 14 h à 16 h à Prémanon</span></span></p>
<p><span style="font-size: small;"><span lang="FR-CH">·&nbsp;&nbsp;&nbsp;&nbsp;&nbsp;&nbsp;&nbsp;&nbsp;&nbsp;</span><span lang="FR-CH">samedi matin de 10 h à 12 h aux Rousses</span></span></p>
<p><span style="font-size: small;"><span lang="FR-CH">&nbsp;</span></span></p>
<p><span style="font-size: small;"><span lang="FR-CH">Chaque enfant de plus de 7 ans qui roule sur un VTT 20 pouces et qui sait reconnaitre sa gauche de sa droite peut venir au club.</span></span></p>
<p><span style="font-size: small;"><span lang="FR-CH">Lors d’un entrainement, les enfants doivent venir avec un vélo en état, de quoi réparer (1 chambre à air, 1 patte de dérailleur), ainsi qu’un casque (à la bonne taille et ajusté), des lunettes, des gants, de quoi s&rsquo;hydrater et s&rsquo;alimenter (barres,&#8230;).</span></span></p>
<p><span style="font-size: small;"><span lang="FR-CH">Les cours sont dispensés par des moniteurs diplômés.&nbsp;<b>En cours d’année</b>, des sorties «&nbsp;excentrées&nbsp;» peuvent être programmées en fonction des conditions climatiques et de l’assiduité des enfants (descente à Métabief, Bike-Park à Longchaumois ou à Morbier…)</span></span></p>
<p><span style="font-size: small;"><span lang="FR-CH">L’inscription préalable à un entrainement est obligatoire (afin de prévoir le nombre de moniteurs suffisant) : il faut remplir le tableau des inscriptions (rubrique inscriptions !) au minimum la veille pour 20 h maxi.</span></span></p>
</div><figure class="wp-block-media-text__media"><img loading="lazy" decoding="async" width="1024" height="768" src="http://vttmassifjura.fr/wp-content/uploads/2021/10/IMG-20211016-WA0002-1024x768.jpg" alt="" class="wp-image-590 size-full" srcset="https://vttmassifjura.fr/wp-content/uploads/2021/10/IMG-20211016-WA0002-1024x768.jpg 1024w, https://vttmassifjura.fr/wp-content/uploads/2021/10/IMG-20211016-WA0002-300x225.jpg 300w, https://vttmassifjura.fr/wp-content/uploads/2021/10/IMG-20211016-WA0002-768x576.jpg 768w, https://vttmassifjura.fr/wp-content/uploads/2021/10/IMG-20211016-WA0002-1536x1152.jpg 1536w, https://vttmassifjura.fr/wp-content/uploads/2021/10/IMG-20211016-WA0002.jpg 1600w" sizes="auto, (max-width: 1024px) 100vw, 1024px" /></figure></div>
</div></div>



<h2 class="wp-block-heading"><a href="https://docs.google.com/spreadsheets/d/1F1HDvU6KOvyFf3Z3YpN0ztaqxybe4m9W/edit?gid=1742435303#gid=1742435303">Reprise entrainement des enfants</a></h2>



<pre class="wp-block-preformatted">La reprise des entrainements pour les enfants est prévue le mercredi 22 avril 2026 à 14h à Prémanon<br>Merci de vous inscrire sur le tableau (rubrique entrainement).<br>A bientôt!</pre>



<figure class="wp-block-image size-full is-resized"><img loading="lazy" decoding="async" width="736" height="920" src="http://vttmassifjura.fr/wp-content/uploads/2026/03/VTT-ENFANT.jpg" alt="" class="wp-image-1117" style="width:154px;height:auto" srcset="https://vttmassifjura.fr/wp-content/uploads/2026/03/VTT-ENFANT.jpg 736w, https://vttmassifjura.fr/wp-content/uploads/2026/03/VTT-ENFANT-240x300.jpg 240w" sizes="auto, (max-width: 736px) 100vw, 736px" /></figure>



<details class="wp-block-details is-layout-flow wp-block-details-is-layout-flow"><summary></summary>
<p></p>
</details>



<p></p>

<p>Fonctionnement école de VTT &nbsp;Le club VTT massif Jura offre la possibilité à tous les enfants qui le souhaitent de venir s’initier au VTT. Les entrainements permettent aux enfants de progresser sur les techniques de pilotage (trial, descente…) et de faire des sorties d’endurance (cross-country), tout en profitant des joies d’un sport d’extérieur. Afin de &hellip;</p>
<p class="read-more"> <a class="" href="https://vttmassifjura.fr/?page_id=864"> <span class="screen-reader-text">Fonctionnement</span> Lire la suite »</a></p>
